e 5) to base 10
-1744
What is -58e (base 15) in base 16?
-4eb
Convert 33111 (base 6) to base 12.
2797
What is 16695 (base 10) in base 3?
211220100
Convert 655 (base 13) to base 14.
576
What is -41916 (base 10) in base 12?
-20310
What is -2051 (base 6) in base 4?
-13033
423a (base 12) to base 13
33b5
1100011001 (base 3) to base 7
136555
1002221 (base 3) to base 9
1087
What is 2522a (base 12) in base 5?
3103214
What is -9898 (base 11) in base 3?
-122220111
Convert -1230322 (base 4) to base 15.
-20ea
What is 2a30 (base 13) in base 9?
8353
b18 (base 12) to base 2
11001000100
Convert 3f35 (base 16) to base 15.
4bdb
-114175 (base 9) to base 3
-10111012112
Convert ca4 (base 14) to base 15.
b16
What is 1032013 (base 5) in base 3?
220100201
What is 340422 (base 5) in base 16?
2ed3
-56a8 (base 14) to base 11
-10337
What is 121544 (base 8) in base 2?
1010001101100100
-816f (base 16) to base 15
-9c40
1c3 (base 16) to base 4
13003
What is 5674 (base 12) in base 9?
14137
Convert 187 (base 13) to base 3.
101101
Convert 3eb (base 15) to base 11.
745
25403 (base 7) to base 10
6716
Convert -111 (base 4) to base 8.
-25
Convert 93 (base 11) to base 10.
102
1acab (base 14) to base 13
25165
What is -1002101 (base 3) in base 6?
-3401
1403 (base 9) to base 10
1056
What is 11310031 (base 4) in base 11?
16996
What is -32 (base 4) in base 16?
-e
12b (base 14) to base 3
22201
1118 (base 9) to base 5
11302
What is -67 (base 15) in base 11?
-89
Convert -5ba (base 16) to base 6.
-10442
What is 37d9 (base 16) in base 12?
8335
What is -14211 (base 6) in base 4?
-202333
What is 3121213 (base 5) in base 15?
1038d
What is -624a (base 12) in base 10?
-10714
Convert 22 (base 15) to base 8.
40
Convert 658 (base 13) to base 10.
1087
What is 503 (base 13) in base 8?
1520
Convert -1600 (base 14) to base 10.
-3920
What is 22003 (base 4) in base 13?
3a6
Convert 54504 (base 7) to base 11.
a268
Convert 1000101111010 (base 2) to base 15.
14d4
Convert 7378 (base 9) to base 7.
21536
What is -33331 (base 4) in base 3?
-1101211
Convert -199 (base 16) to base 15.
-1c4
Convert -3112023 (base 4) to base 14.
-4dd1
What is -1951 (base 10) in base 12?
-1167
Convert -272 (base 14) to base 15.
-22c
What is 1a2 (base 12) in base 4?
10022
What is 30102 (base 9) in base 4?
10310312
27136 (base 11) to base 2
1001011101100111
-4b60 (base 12) to base 15
-2813
What is 2098 (base 11) in base 13?
1350
-10221211 (base 3) to base 12
-1804
What is 1513 (base 10) in base 15?
6ad
223231 (base 4) to base 2
101011101101
Convert 14404 (base 5) to base 8.
2315
-21bc (base 14) to base 7
-23025
-f3e (base 16) to base 9
-5315
Convert 35100 (base 8) to base 12.
8768
Convert 11323 (base 7) to base 13.
1429
What is 1100020000 (base 3) in base 4?
12130212
200 (base 13) to base 10
338
Convert -231333 (base 4) to base 14.
-1103
756 (base 12) to base 2
10000110010
55660 (base 7) to base 12
8174
Convert 370 (base 8) to base 11.
206
Convert 206 (base 14) to base 2.
110001110
What is -40 (base 6) in base 16?
-18
Convert 10113 (base 5) to base 16.
292
10d07 (base 15) to base 9
81417
Convert 22210323 (base 4) to base 9.
65376
-443150 (base 6) to base 2
-1001000010001010
Convert -a141 (base 16) to base 14.
-11089
What is -2227 (base 10) in base 12?
-1357
Convert -110111010000000 (base 2) to base 10.
-28288
Convert 912 (base 14) to base 12.
1044
4226 (base 8) to base 16
896
Convert 34123 (base 9) to base 10.
22701
What is -111021 (base 3) in base 12?
-25a
10730 (base 10) to base 9
15642
c191 (base 14) to base 16
81e3
What is 14242 (base 7) in base 4?
330331
What is b83 (base 16) in base 5?
43242
Convert -215 (base 6) to base 3.
-10002
Convert -5336 (base 7) to base 13.
-b24
-3731 (base 14) to base 4
-2112233
-14968 (base 10) to base 16
-3a78
6a75 (base 15) to base 9
34012
Convert 1121303 (base 4) to base 16.
1673
64 (base 13) to base 11
75
What is -11010120 (base 3) in base 14?
-1152
What is 1722b (base 15) in base 11?
51177
12141 (base 5) to base 13
55b
What is -112b (base 12) in base 15?
-872
Convert 1163 (base 12) to base 6.
13003
1110102020 (base 3) to base 11
1a652
100200313 (base 4) to base 6
1241051
What is -130a (base 15) in base 12?
-2424
What is -2041 (base 10) in base 3?
-2210121
What is -10222 (base 7) in base 10?
-2515
What is 613 (base 14) in base 12?
835
Convert -1021222 (base 3) to base 14.
-4b6
What is -11033103 (base 4) in base 12?
-10503
Convert 341 (base 5) to base 11.
88
-650b (base 12) to base 3
-120020002
Convert 24585 (base 9) to base 6.
204252
Convert -100211 (base 4) to base 16.
-425
What is 28a3 (base 16) in base 9?
15238
2660 (base 10) to base 14
d80
What is -45434 (base 6) in base 8?
-14436
Convert -3256 (base 7) to base 10.
-1168
-530 (base 10) to base 3
-201122
Convert -2722 (base 14) to base 12.
-3ba2
What is 3111 (base 4) in base 16?
d5
-1001100220 (base 3) to base 7
-114201
112021 (base 5) to base 10
4011
What is -2558 (base 14) in base 6?
-50150
What is 23111 (base 4) in base 12?
505
What is a93 (base 13) in base 14?
934
1289 (base 10) to base 12
8b5
13fc6 (base 16) to base 7
460444
What is -48b3 (base 15) in base 16?
-3c6c
Convert 1120121 (base 3) to base 10.
1150
Convert -4d66 (base 15) to base 5.
-1012041
-50200 (base 6) to base 2
-1100110011000
Convert 49bd (base 15) to base 3.
210112121
-244522 (base 6) to base 9
-32805
-24005 (base 6) to base 3
-11202012
1038 (base 13) to base 12
1370
-322a (base 13) to base 6
-52125
What is 10342 (base 6) in base 9?
1858
Convert -442 (base 7) to base 15.
-101
-182a7 (base 12) to base 8
-104237
Convert -101003 (base 5) to base 3.
-11110111
-5775 (base 10) to base 13
-2823
-15045 (base 7) to base 6
-31113
Convert -2d52 (base 15) to base 3.
-111101012
What is 3222 (base 4) in base 6?
1030
-211110222 (base 3) to base 8
-40004
42640 (base 9) to base 15
8569
2434 (base 13) to base 2
1001111111001
-233202 (base 4) to base 15
-d7c
-157 (base 13) to base 10
-241
Convert -313303 (base 6) to base 3.
-1021211010
Convert -24213 (base 5) to base 15.
-808
What is -1110000001 (base 2) in base 3?
-1020020
What is 1020120 (base 3) in base 12?
636
What is 534 (base 15) in base 7?
3265
What is -2373 (base 8) in base 11?
-a5a
What is d0 (base 14) in base 4?
2312
Convert 45c (base 15) to base 14.
507
What is -2132 (base 5) in base 9?
-354
What is -82c6 (base 13) in base 12?
-a564
35b4 (base 14) to base 2
10010010011010
What is -280a (base 11) in base 6?
-24504
Convert 1109 (base 10) to base 4.
101111
-14530 (base 9) to base 6
-113513
-8893 (base 11) to base 2
-10110111000110
What is 723 (base 11) in base 10?
872
-4f (base 16) to base 2
-1001111
What is 30322 (base 5) in base 14?
a02
-7733 (base 15) to base 11
-17a73
What is -12b2 (base 15) in base 9?
-5425
What is -10000110101110 (base 2) in base 10?
-8622
What is -302001 (base 4) in base 12?
-1a29
What is 3231 (base 7) in base 2?
10001111101
What is -2463 (base 16) in base 15?
-2b60
Convert 3111020 (base 4) to base 2.
11010101001000
17178 (base 9) to base 8
27050
Convert 2032 (base 10) to base 16.
7f0
d3 (base 15) to base 8
306
Convert 432 (base 9) to base 15.
188
Convert -35211 (base 6) to base 16.
-13b7
863 (base 15) to base 14
993
What is 2486 (base 16) in base 7?
36155
What is -4c6 (base 13) in base 8?
-1506
Convert 32 (base 15) to base 11.
43
-250 (base 14) to base 4
-13032
2105 (base 10) to base 9
2788
-23635 (base 10) to base 9
-35371
57 (base 12) to base 11
61
Convert 184 (base 9) to base 11.
133
Convert 88a6 (base 13) to base 3.
222011002
What is -221111 (base 3) in base 14?
-372
What is -3223 (base 5) in base 6?
-2010
Convert -3c9 (base 15) to base 5.
-11424
What is -10110 (base 6) in base 10?
-1338
-3007 (base 14) to base 4
-2000233
What is -86 (base 16) in base 4?
-2012
Convert 12376 (base 11) to base 4.
10111111
Convert 114 (base 8) to base 2.
1001100
692 (base 13) to base 11
940
What is 1130201 (base 4) in base 2?
1011100100001
-32359 (base 10) to base 4
-13321213
-4073 (base 8) to base 7
-6100
Convert -19aa1 (base 12) to base 3.
-1220220211
-210212 (base 4) to base 7
-6554
Convert 8c9a (base 14) to base 3.
1020112012
144304 (base 5) to base 9
8453
-20042 (base 8) to base 16
-2022
What is -222212 (base 3) in base 2?
-1011010101
3547 (base 13) to base 7
30565
Convert -10235 (base 7) to base 9.
-3415
What is 7399 (